{"id":356,"date":"2024-01-23T20:54:16","date_gmt":"2024-01-23T20:54:16","guid":{"rendered":"https:\/\/shcn.ca\/?page_id=356"},"modified":"2025-03-12T18:48:26","modified_gmt":"2025-03-12T18:48:26","slug":"conseil-dadministration","status":"publish","type":"page","link":"https:\/\/shcn.ca\/index.php\/conseil-dadministration\/","title":{"rendered":"Conseil d&#8217;Administration"},"content":{"rendered":"\t\t<div data-elementor-type=\"wp-page\" data-elementor-id=\"356\" class=\"elementor elementor-356\" data-elementor-post-type=\"page\">\n\t\t\t\t<div class=\"elementor-element elementor-element-14122289 e-con-full e-flex e-con e-parent\" data-id=\"14122289\" data-element_type=\"container\" data-settings=\"{&quot;background_background&quot;:&quot;classic&quot;}\">\n\t\t<div class=\"elementor-element elementor-element-5ca4fc9e e-flex e-con-boxed e-con e-child\" data-id=\"5ca4fc9e\" data-element_type=\"container\">\n\t\t\t\t\t<div class=\"e-con-inner\">\n\t\t\t\t<div class=\"elementor-element elementor-element-e46099b elementor-widget__width-initial elementor-widget-tablet__width-inherit elementor-widget elementor-widget-heading\" data-id=\"e46099b\" data-element_type=\"widget\" data-widget_type=\"heading.default\">\n\t\t\t\t<div class=\"elementor-widget-container\">\n\t\t\t\t\t<h1 class=\"elementor-heading-title elementor-size-default\">Conseil d'administration<\/h1>\t\t\t\t<\/div>\n\t\t\t\t<\/div>\n\t\t\t\t<div class=\"elementor-element elementor-element-4824ff42 elementor-widget__width-initial elementor-widget-mobile__width-inherit elementor-widget elementor-widget-text-editor\" data-id=\"4824ff42\" data-element_type=\"widget\" data-widget_type=\"text-editor.default\">\n\t\t\t\t<div class=\"elementor-widget-container\">\n\t\t\t\t\t\t\t\t\t<p>Nous avons le privil\u00e8ge de vous pr\u00e9senter le conseil d&#8217;administration de la Soci\u00e9t\u00e9 d&#8217;habitation des communaut\u00e9s noires, une \u00e9quipe diversifi\u00e9e de professionnels engag\u00e9s qui incarne l&#8217;excellence en mati\u00e8re de leadership et d&#8217;expertise.<\/p>\t\t\t\t\t\t\t\t<\/div>\n\t\t\t\t<\/div>\n\t\t\t\t\t<\/div>\n\t\t\t\t<\/div>\n\t\t\t\t<\/div>\n\t\t<div class=\"elementor-element elementor-element-45a23e29 e-flex e-con-boxed e-con e-parent\" data-id=\"45a23e29\" data-element_type=\"container\">\n\t\t\t\t\t<div class=\"e-con-inner\">\n\t\t<div class=\"elementor-element elementor-element-36deacae e-flex e-con-boxed e-con e-child\" data-id=\"36deacae\" data-element_type=\"container\">\n\t\t\t\t\t<div class=\"e-con-inner\">\n\t\t<div class=\"elementor-element elementor-element-62be9f91 e-con-full e-flex elementor-invisible e-con e-child\" data-id=\"62be9f91\" data-element_type=\"container\" data-settings=\"{&quot;background_background&quot;:&quot;classic&quot;,&quot;animation&quot;:&quot;fadeIn&quot;,&quot;animation_delay&quot;:200}\">\n\t\t<div class=\"elementor-element elementor-element-1be1b787 e-con-full e-flex e-con e-child\" data-id=\"1be1b787\" data-element_type=\"container\">\n\t\t\t\t<div class=\"elementor-element elementor-element-1d3502d5 elementor-widget__width-inherit elementor-widget elementor-widget-heading\" data-id=\"1d3502d5\" data-element_type=\"widget\" data-widget_type=\"heading.default\">\n\t\t\t\t<div class=\"elementor-widget-container\">\n\t\t\t\t\t<h5 class=\"elementor-heading-title elementor-size-default\">Mme Marjorie Villefranche <\/h5>\t\t\t\t<\/div>\n\t\t\t\t<\/div>\n\t\t\t\t<div class=\"elementor-element elementor-element-58af311 elementor-widget__width-inherit elementor-widget elementor-widget-heading\" data-id=\"58af311\" data-element_type=\"widget\" data-widget_type=\"heading.default\">\n\t\t\t\t<div class=\"elementor-widget-container\">\n\t\t\t\t\t<h5 class=\"elementor-heading-title elementor-size-default\">Pr\u00e9sidente du Conseil d'Administration<\/h5>\t\t\t\t<\/div>\n\t\t\t\t<\/div>\n\t\t\t\t<div class=\"elementor-element elementor-element-18f2807f elementor-widget__width-inherit elementor-widget elementor-widget-text-editor\" data-id=\"18f2807f\" data-element_type=\"widget\" data-widget_type=\"text-editor.default\">\n\t\t\t\t<div class=\"elementor-widget-container\">\n\t\t\t\t\t\t\t\t\t<p><strong>Maison d\u2019Ha\u00efti \u2013 Marjorie Villefranche<\/strong><\/p><p>Mission\u00a0: l\u2019accueil, l\u2019\u00e9ducation, l\u2019int\u00e9gration et l\u2019am\u00e9lioration des conditions de vie des personnes d\u2019origines ha\u00eftienne, afro descendantes et immigrantes. D\u00e9di\u00e9es \u00e0 la d\u00e9fense de leurs droits et \u00e0 la promotion de leur participation au d\u00e9veloppement de la soci\u00e9t\u00e9 d\u2019accueil,<\/p><p>Mme Marjorie Villefranche, actuelle directrice de la Maison d&#8217;Ha\u00efti, est une femme d&#8217;exception engag\u00e9e depuis plus de 30 ans en faveur de l&#8217;\u00e9quit\u00e9 et de la justice sociale au Canada. Elle a \u00e9t\u00e9 honor\u00e9e \u00e0 plusieurs reprises pour son leadership, que ce soit dans le f\u00e9minisme ou dans l&#8217;\u00e9conomie sociale. En tant que pr\u00e9sidente, elle apportera son immense exp\u00e9rience pour guider le conseil d&#8217;administration vers l&#8217;excellence op\u00e9rationnelle et la conformit\u00e9 r\u00e9glementaire.<\/p>\t\t\t\t\t\t\t\t<\/div>\n\t\t\t\t<\/div>\n\t\t\t\t<\/div>\n\t\t\t\t<\/div>\n\t\t<div class=\"elementor-element elementor-element-4dd5c49b e-con-full e-flex elementor-invisible e-con e-child\" data-id=\"4dd5c49b\" data-element_type=\"container\" data-settings=\"{&quot;background_background&quot;:&quot;classic&quot;,&quot;animation&quot;:&quot;fadeIn&quot;,&quot;animation_delay&quot;:200}\">\n\t\t<div class=\"elementor-element elementor-element-2edb5472 e-con-full e-flex e-con e-child\" data-id=\"2edb5472\" data-element_type=\"container\">\n\t\t\t\t<div class=\"elementor-element elementor-element-2d383910 elementor-widget__width-inherit elementor-widget elementor-widget-heading\" data-id=\"2d383910\" data-element_type=\"widget\" data-widget_type=\"heading.default\">\n\t\t\t\t<div class=\"elementor-widget-container\">\n\t\t\t\t\t<h5 class=\"elementor-heading-title elementor-size-default\">M. Allen Alexandre <\/h5>\t\t\t\t<\/div>\n\t\t\t\t<\/div>\n\t\t\t\t<div class=\"elementor-element elementor-element-a469cad elementor-widget__width-inherit elementor-widget elementor-widget-heading\" data-id=\"a469cad\" data-element_type=\"widget\" data-widget_type=\"heading.default\">\n\t\t\t\t<div class=\"elementor-widget-container\">\n\t\t\t\t\t<h5 class=\"elementor-heading-title elementor-size-default\">Vice-Pr\u00e9sident<\/h5>\t\t\t\t<\/div>\n\t\t\t\t<\/div>\n\t\t\t\t<div class=\"elementor-element elementor-element-f43c8e3 elementor-widget__width-inherit elementor-widget elementor-widget-text-editor\" data-id=\"f43c8e3\" data-element_type=\"widget\" data-widget_type=\"text-editor.default\">\n\t\t\t\t<div class=\"elementor-widget-container\">\n\t\t\t\t\t\t\t\t\t<p><strong>Centre culturel Afro-canadien de Montr\u00e9al (CCAM) \u2013 Allen Alexandre<\/strong><\/p><p>Mission\u00a0: pr\u00e9server et faire rayonner le patrimoine culturel et artistique des communaut\u00e9s noires en misant sur l\u2019innovation et l&#8217;\u00e9change interculturel.<\/p><p>Alan Alexandre, ancien conseiller politique dans le gouvernement Trudeau, est un transformateur social de talent. En tant que fondateur du Centre culturel afro de Montr\u00e9al, il apportera son expertise dans la r\u00e9alisation du projet du SECAM. Ses conseils politiques sont inestimables pour le conseil d&#8217;administration.<\/p>\t\t\t\t\t\t\t\t<\/div>\n\t\t\t\t<\/div>\n\t\t\t\t<\/div>\n\t\t\t\t<\/div>\n\t\t<div class=\"elementor-element elementor-element-341667f8 e-con-full e-flex elementor-invisible e-con e-child\" data-id=\"341667f8\" data-element_type=\"container\" data-settings=\"{&quot;background_background&quot;:&quot;classic&quot;,&quot;animation&quot;:&quot;fadeIn&quot;,&quot;animation_delay&quot;:200}\">\n\t\t<div class=\"elementor-element elementor-element-36a9a053 e-con-full e-flex e-con e-child\" data-id=\"36a9a053\" data-element_type=\"container\">\n\t\t\t\t<div class=\"elementor-element elementor-element-45f45785 elementor-widget__width-inherit elementor-widget elementor-widget-heading\" data-id=\"45f45785\" data-element_type=\"widget\" data-widget_type=\"heading.default\">\n\t\t\t\t<div class=\"elementor-widget-container\">\n\t\t\t\t\t<h5 class=\"elementor-heading-title elementor-size-default\">Edouard Staco<\/h5>\t\t\t\t<\/div>\n\t\t\t\t<\/div>\n\t\t\t\t<div class=\"elementor-element elementor-element-5a87b26 elementor-widget__width-inherit elementor-widget elementor-widget-heading\" data-id=\"5a87b26\" data-element_type=\"widget\" data-widget_type=\"heading.default\">\n\t\t\t\t<div class=\"elementor-widget-container\">\n\t\t\t\t\t<h5 class=\"elementor-heading-title elementor-size-default\">Tr\u00e9sorier<\/h5>\t\t\t\t<\/div>\n\t\t\t\t<\/div>\n\t\t\t\t<div class=\"elementor-element elementor-element-575a5a0b elementor-widget__width-inherit elementor-widget elementor-widget-text-editor\" data-id=\"575a5a0b\" data-element_type=\"widget\" data-widget_type=\"text-editor.default\">\n\t\t\t\t<div class=\"elementor-widget-container\">\n\t\t\t\t\t\t\t\t\t<p><strong>Sommet Jeunes Afro (SDESJ) \u2013 \u00c9douard Staco<\/strong><\/p><p>Mission\u00a0: Sommet socio-\u00e9conomique pour le d\u00e9veloppement des jeunes des communaut\u00e9s noires (SdesJ) est un r\u00e9seau novateur qui se donne pour mission de contribuer \u00e0 l&#8217;essor \u00e9conomique et social du Qu\u00e9bec, en se concentrant plus sp\u00e9cifiquement sur l&#8217;apport des jeunes des communaut\u00e9s noires.<\/p>\t\t\t\t\t\t\t\t<\/div>\n\t\t\t\t<\/div>\n\t\t\t\t<\/div>\n\t\t\t\t<\/div>\n\t\t<div class=\"elementor-element elementor-element-3a1fd54a e-con-full e-flex elementor-invisible e-con e-child\" data-id=\"3a1fd54a\" data-element_type=\"container\" data-settings=\"{&quot;background_background&quot;:&quot;classic&quot;,&quot;animation&quot;:&quot;fadeIn&quot;,&quot;animation_delay&quot;:200}\">\n\t\t<div class=\"elementor-element elementor-element-3f21006a e-con-full e-flex e-con e-child\" data-id=\"3f21006a\" data-element_type=\"container\">\n\t\t\t\t<div class=\"elementor-element elementor-element-5e5591b7 elementor-widget__width-inherit elementor-widget elementor-widget-heading\" data-id=\"5e5591b7\" data-element_type=\"widget\" data-widget_type=\"heading.default\">\n\t\t\t\t<div class=\"elementor-widget-container\">\n\t\t\t\t\t<h5 class=\"elementor-heading-title elementor-size-default\">M. Alix Adrien<\/h5>\t\t\t\t<\/div>\n\t\t\t\t<\/div>\n\t\t\t\t<div class=\"elementor-element elementor-element-24128c1 elementor-widget__width-inherit elementor-widget elementor-widget-heading\" data-id=\"24128c1\" data-element_type=\"widget\" data-widget_type=\"heading.default\">\n\t\t\t\t<div class=\"elementor-widget-container\">\n\t\t\t\t\t<h5 class=\"elementor-heading-title elementor-size-default\">Secr\u00e9taire<\/h5>\t\t\t\t<\/div>\n\t\t\t\t<\/div>\n\t\t\t\t<div class=\"elementor-element elementor-element-757fb63c elementor-widget__width-inherit elementor-widget elementor-widget-text-editor\" data-id=\"757fb63c\" data-element_type=\"widget\" data-widget_type=\"text-editor.default\">\n\t\t\t\t<div class=\"elementor-widget-container\">\n\t\t\t\t\t\t\t\t\t<p><strong>Conseil des \u00c9ducateurs Noirs du Qu\u00e9bec (QBBE) \u2013 Alix Adrien<\/strong><\/p><p>Mission\u00a0: encourager et soutenir l\u2019am\u00e9lioration continue du syst\u00e8me d\u2019\u00e9ducation du Qu\u00e9bec et la r\u00e9partition \u00e9quitable de ses avantages aux communaut\u00e9s de couleur, de sorte que les programmes offriront les meilleures opportunit\u00e9s pour poursuivre des \u00e9tudes qui auront un impact sur leurs r\u00e9alisations sociales et \u00e9conomiques.<\/p>\t\t\t\t\t\t\t\t<\/div>\n\t\t\t\t<\/div>\n\t\t\t\t<\/div>\n\t\t\t\t<\/div>\n\t\t\t\t\t<\/div>\n\t\t\t\t<\/div>\n\t\t\t\t\t<\/div>\n\t\t\t\t<\/div>\n\t\t<div class=\"elementor-element elementor-element-1c30508 e-flex e-con-boxed e-con e-parent\" data-id=\"1c30508\" data-element_type=\"container\" data-settings=\"{&quot;background_background&quot;:&quot;classic&quot;}\">\n\t\t\t\t\t<div class=\"e-con-inner\">\n\t\t\t\t<div class=\"elementor-element elementor-element-b6654cf elementor-widget__width-initial elementor-widget-mobile__width-inherit elementor-widget elementor-widget-text-editor\" data-id=\"b6654cf\" data-element_type=\"widget\" data-widget_type=\"text-editor.default\">\n\t\t\t\t<div class=\"elementor-widget-container\">\n\t\t\t\t\t\t\t\t\t<p>Le conseil d&#8217;administration r\u00e9unit des membres aux comp\u00e9tences diversifi\u00e9es et anim\u00e9s par une profonde implication dans la mission de la Soci\u00e9t\u00e9 d&#8217;habitation des communaut\u00e9s noires (SHCN). Gr\u00e2ce \u00e0 leur expertise et \u00e0 leur leadership, ils renforcent notre engagement envers l&#8217;excellence, la rigueur et l&#8217;efficacit\u00e9 op\u00e9rationnelle. Nous sommes convaincus que cette \u00e9quipe d&#8217;exception jouera un r\u00f4le cl\u00e9 dans la concr\u00e9tisation de notre vision et nous guidera vers un avenir prometteur.<\/p>\t\t\t\t\t\t\t\t<\/div>\n\t\t\t\t<\/div>\n\t\t\t\t\t<\/div>\n\t\t\t\t<\/div>\n\t\t<div class=\"elementor-element elementor-element-a7f6431 e-flex e-con-boxed e-con e-parent\" data-id=\"a7f6431\" data-element_type=\"container\" data-settings=\"{&quot;background_background&quot;:&quot;classic&quot;}\">\n\t\t\t\t\t<div class=\"e-con-inner\">\n\t\t\t\t<div class=\"elementor-element elementor-element-fd8edfc elementor-widget elementor-widget-spacer\" data-id=\"fd8edfc\" data-element_type=\"widget\" data-widget_type=\"spacer.default\">\n\t\t\t\t<div class=\"elementor-widget-container\">\n\t\t\t\t\t\t\t<div class=\"elementor-spacer\">\n\t\t\t<div class=\"elementor-spacer-inner\"><\/div>\n\t\t<\/div>\n\t\t\t\t\t\t<\/div>\n\t\t\t\t<\/div>\n\t\t\t\t\t<\/div>\n\t\t\t\t<\/div>\n\t\t\t\t<\/div>\n\t\t","protected":false},"excerpt":{"rendered":"<p>Conseil d&#8217;administration Nous avons le privil\u00e8ge de vous pr\u00e9senter le conseil d&#8217;administration de la Soci\u00e9t\u00e9 d&#8217;habitation des communaut\u00e9s noires, une \u00e9quipe diversifi\u00e9e de professionnels engag\u00e9s qui incarne l&#8217;excellence en mati\u00e8re de leadership et d&#8217;expertise. Mme Marjorie Villefranche Pr\u00e9sidente du Conseil d&#8217;Administration Maison d\u2019Ha\u00efti \u2013 Marjorie Villefranche Mission\u00a0: l\u2019accueil, l\u2019\u00e9ducation, l\u2019int\u00e9gration et l\u2019am\u00e9lioration des conditions de [&hellip;]<\/p>\n","protected":false},"author":2,"featured_media":0,"parent":0,"menu_order":0,"comment_status":"closed","ping_status":"closed","template":"","meta":{"footnotes":""},"_links":{"self":[{"href":"https:\/\/shcn.ca\/index.php\/wp-json\/wp\/v2\/pages\/356"}],"collection":[{"href":"https:\/\/shcn.ca\/index.php\/wp-json\/wp\/v2\/pages"}],"about":[{"href":"https:\/\/shcn.ca\/index.php\/wp-json\/wp\/v2\/types\/page"}],"author":[{"embeddable":true,"href":"https:\/\/shcn.ca\/index.php\/wp-json\/wp\/v2\/users\/2"}],"replies":[{"embeddable":true,"href":"https:\/\/shcn.ca\/index.php\/wp-json\/wp\/v2\/comments?post=356"}],"version-history":[{"count":25,"href":"https:\/\/shcn.ca\/index.php\/wp-json\/wp\/v2\/pages\/356\/revisions"}],"predecessor-version":[{"id":408,"href":"https:\/\/shcn.ca\/index.php\/wp-json\/wp\/v2\/pages\/356\/revisions\/408"}],"wp:attachment":[{"href":"https:\/\/shcn.ca\/index.php\/wp-json\/wp\/v2\/media?parent=356"}],"curies":[{"name":"wp","href":"https:\/\/api.w.org\/{rel}","templated":true}]}}